n base 12, what is -1 + 7163?
7162
In base 16, what is -3f76 + 31?
-3f45
In base 8, what is 41273 - -3?
41276
In base 8, what is 2402 + 3126?
5530
In base 16, what is 123 - -a28?
b4b
In base 4, what is -33131 + -20?
-33211
In base 15, what is -10 + -36d?
-37d
In base 6, what is -20 - -14412543?
14412523
In base 16, what is 8826 + 3?
8829
In base 6, what is -1122 - -2155?
1033
In base 11, what is 794133 + 0?
794133
In base 15, what is -19ea + -229?
-1c24
In base 7, what is 20314502 - 0?
20314502
In base 16, what is 292b - -2?
292d
In base 15, what is -1959be - 2?
-1959c1
In base 14, what is c + -17a48?
-17a3a
In base 15, what is -1a6b3 + 9?
-1a6a9
In base 11, what is -2a9a + 2?
-2a98
In base 11, what is -18777 - -4?
-18773
In base 11, what is -396aa89 - 5?
-396aa93
In base 3, what is -2021212002002 + 1?
-2021212002001
In base 13, what is 8354b + -4?
83547
In base 11, what is -22 + 1017?
aa5
In base 6, what is 4 + -515343?
-515335
In base 15, what is -5 + -125a?
-1260
In base 8, what is -1513557 - -4?
-1513553
In base 13, what is 925 + -162c?
-a07
In base 11, what is 500a + 17?
5026
In base 5, what is 4 + 11112042?
11112101
In base 8, what is -776051 + -4?
-776055
In base 8, what is -25732 + -157?
-26111
In base 8, what is -33150 - 2?
-33152
In base 13, what is 0 - cc65?
-cc65
In base 7, what is 405 + 2326?
3034
In base 6, what is -2 + 22051320?
22051314
In base 6, what is 3 + -255001?
-254554
In base 4, what is -1031 + 3031?
2000
In base 2, what is -100100101101010010101 - -100?
-100100101101010010001
In base 8, what is -1 + 1423272?
1423271
In base 11, what is 91a - 234?
696
In base 6, what is -343 + 214015?
213232
In base 10, what is 25 - -385?
410
In base 5, what is 32133344 + -1?
32133343
In base 8, what is -203 - 1567?
-1772
In base 3, what is 1212220020 - -100?
1212220120
In base 12, what is -5 - 6214?
-6219
In base 11, what is -a85 - -225?
-860
In base 6, what is 42 + 355004?
355050
In base 4, what is 30 - -123023130?
123023220
In base 14, what is 15d2a - 0?
15d2a
In base 10, what is 737 - 3172?
-2435
In base 7, what is -403 + -3606?
-4312
In base 13, what is 2898 + 0?
2898
In base 10, what is 54909 + 1?
54910
In base 13, what is -22c69 - -6b?
-22bcb
In base 11, what is 4 + 9aa48?
9aa51
In base 7, what is 12363 + 2515?
15211
In base 3, what is -22222221 + -20?
-100000011
In base 8, what is -6504 - -110?
-6374
In base 6, what is -2525 + 5151?
2222
In base 6, what is -10 - 31035?
-31045
In base 8, what is -3 - 216710?
-216713
In base 16, what is -7cc3 - 1?
-7cc4
In base 8, what is 122 + 113264?
113406
In base 10, what is 15902 + -8?
15894
In base 7, what is 6646103 + 0?
6646103
In base 13, what is -3c + -59344?
-59383
In base 13, what is -172 - -157?
-18
In base 9, what is 2 - -8670?
8672
In base 7, what is -25161 + -20?
-25211
In base 16, what is -1 + fd6e8?
fd6e7
In base 14, what is 4 + -470?
-46a
In base 9, what is -27686 - 57?
-27754
In base 2, what is -10011101000101000 + 0?
-10011101000101000
In base 14, what is -2 - -2da9?
2da7
In base 11, what is -1 - -17318?
17317
In base 12, what is 130a5b + 2?
130a61
In base 10, what is -20 - 11960?
-11980
In base 5, what is 31 + 20101?
20132
In base 14, what is -2 - 3641?
-3643
In base 15, what is -113 + 91?
-72
In base 15, what is b + 11b63?
11b6e
In base 10, what is -1 - 368?
-369
In base 6, what is -24 + 32530?
32502
In base 3, what is 1212111121 - 0?
1212111121
In base 7, what is 3251 - -22?
3303
In base 13, what is 13310b + 3?
133111
In base 4, what is 113123 - -21?
113210
In base 13, what is -35 + -48a?
-4c2
In base 7, what is 20 + -3115033?
-3115013
In base 4, what is -1120110 + 33112?
-1020332
In base 8, what is -110 - -7352?
7242
In base 15, what is 1d436 + 2?
1d438
In base 14, what is -5a + -74?
-d0
In base 5, what is 141 - -221?
412
In base 16, what is -16bd + -36?
-16f3
In base 9, what is -377 + 265?
-112
In base 14, what is 33d1 - -8?
33d9
In base 13, what is 0 + 3a746?
3a746
In base 8, what is -3 + -43714?
-43717
In base 2, what is -101011111111010011 + -11?
-101011111111010110
In base 9, what is -32 - -1874?
1842
In base 5, what is 104440020 - -3?
104440023
In base 16, what is 1 + 2ab8?
2ab9
In base 8, what is -5224016 - -2?
-5224014
In base 13, what is 1b + -2539?
-251b
In base 7, what is -1036120 + 0?
-1036120
In base 13, what is 4 + -108b4a?
-108b46
In base 8, what is 3164363 - -15?
3164400
In base 14, what is 2c22 - -16?
2c38
In base 12, what is 8 - -240a2?
240aa
In base 13, what is -4642c7 + 2?
-4642c5
In base 3, what is 2021020212202 + 12?
2021020212221
In base 14, what is -245d4 + -2?
-245d6
In base 9, what is -3 + 201213?
201210
In base 15, what is -3 + -6040a?
-6040d
In base 11, what is 2 - -3757?
3759
In base 14, what is 1 + 1605d?
16060
In base 2, what is 0 + -1100001011001100110?
-1100001011001100110
In base 6, what is 5122 + 22?
5144
In base 13, what is 87b0 - -b4?
8894
In base 2, what is -1000100010100011 - 1100?
-1000100010101111
In base 3, what is 1 + -11102202202?
-11102202201
In base 12, what is -16a12 + 3?
-16a0b
In base 5, what is -2202214 + -103?
-2202322
In base 14, what is -2668 + -1c?
-2686
In base 5, what is 2 + -420034?
-420032
In base 11, what is -3 + -81313?
-81316
In base 16, what is 7 + -ec3?
-ebc
In base 2, what is -1001010010010 + -1001?
-1001010011011
In base 12, what is 7 + -431?
-426
In base 12, what is -5 - -67809?
67804
In base 14, what is 50 + -21?
2d
In base 11, what is 914405 + 5?
91440a
In base 11, what is 1072 + -90?
a92
In base 13, what is b + -224b?
-2240
In base 11, what is -58 + 147?
9a
In base 5, what is 122231 - -201?
122432
In base 7, what is -1532352 + 5?
-1532344
In base 10, what is -3758 + -4?
-3762
In base 15, what is -660 - b4?
-724
In base 13, what is 7 - -1a2b8?
1a2c2
In base 6, what is 21052 + -2?
21050
In base 13, what is 1104 + -b?
10c6
In base 6, what is 10 + -101141?
-101131
In base 7, what is -1 + -1420623?
-1420624
In base 7, what is 113 + 1154?
1300
In base 11, what is 62a - -24?
653
In base 15, what is -7 + 3e67?
3e60
In base 6, what is 442 + 3045?
3531
In base 11, what is -a6 - -381?
286
In base 15, what is -8 + -281a?
-2823
In base 5, what is 20410 + -1104?
14301
In base 12, what is -61 - -10163?
10102
In base 4, what is -3133330 - 0?
-3133330
In base 7, what is -4 - -1551505?
1551501
In base 12, what is 307b2 + -50?
30762
In base 3, what is 102 + 21012110121?
21012111000
In base 13, what is 158 - 762?
-607
In base 13, what is 4 + -1a784?
-1a780
In base 13, what is 13276 + 0?
13276
In base 8, what is 5 - 1421045?
-1421040
In base 7, what is -3 - 46310?
-46313
In base 16, what is -1c7b1 - -1?
-1c7b0
In base 6, what is 4035 - 124?
3511
In base 10, what is -117 + -2269?
-2386
In base 8, what is -2 + -2577?
-2601
In base 16, what is 3 - 10d3?
-10d0
In base 9, what is -23 + -38530?
-38553
In base 15, what is -3be5 + 0?
-3be5
In base 8, what is 4 - 420212?
-420206
In base 9, what is -1264 + -2?
-1266
In base 7, what is 636245 + -5?
636240
In base 12, what is -99b5 - 4?
-99b9
In base 12, what is -2062580 + -2?
-2062582
In base 15, what is 762 + -15c?
605
In base 4, what is -11 - 2132311010?
-2132311021
In base 3, what is 12 - -1200120210?
1200120222
In base 4, what is -1 + -12213013?
-12213020
In base 7, what is 5232055 - 5?
5232050
In base 16, what is 1b11 - 20?
1af1
In base 14, what is 1 - -3907?
3908
In base 8, what is -30 + 1725?
1675
In base 16, what is -27e + e9?
-195
In base 11, what is 18 - 141?
-124
In base 10, what is -7 + 188988?
188981
In base 9, what is -1473 + 1074?
-388
In base 5, what is -4033134 + 4?
-4033130
In base 3, what is -110220 + 11122?
-22021
In base 13, what is 69 - -aa3?
b3c
In base 5, what is 13 - 14132031?
-14132013
In base 12, what is 3b8 + -2273?
-1a77
In base 3, what is 2 - -200122212?
200122221
In base 5, what is -443212 - 0?
-443212
In base 2, what is -111001011011 - 1?
-111001011100
In base 2, what is -10000110100 + 10101110110?
101000010
In base 8, what is 144452 + -11?
144441
In base 3, what is 10001 - -2001120001?
2001200002
In base 7, what is -110552 + 3?
-110546
In base 16, what is 3 + 1487?
148a
In base 2, what is 110010 - -1001011010011?
1001100000101
In base 13, what is -213a3 + -62?
-21435
In base 6, what is 30534 - 21?
30513
In base 7, what is -2 + -2136611?
-2136613
In 